ative of -k**4/4 - 4*k**3/3 + 3*k**2/2 - 7*k - 8. What are the prime factors of y(-6)?
47
Let d(i) = -i**3 - 2*i + 1. Let c(f) = f + 3. Let p be c(-2). Let x be d(p). List the prime factors of (-58)/x + -9 + 12.
2
Let z(w) = w - 4. Let j be z(9). Suppose -5*x = -4*d - 222, j*x - d - 129 = 2*x. Let a = -22 + x. List the prime factors of a.
2, 5
Let k(j) = 40*j**3 - 9*j**2 - 2*j + 1. List the prime factors of k(2).
281
Let s(b) = 2*b**2 - 18*b - 2. Let l be s(13). Suppose 102 = -3*q + r, -2*q - 3*r + l = -5*q. Let o = 6 - q. List the prime factors of o.
2, 5
Suppose 5*x + 13*y - 12*y - 21220 = 0, 4*x - 16947 = 5*y. List the prime factors of x.
4243
Let f(m) = 11*m + 109. What are the prime factors of f(-7)?
2
Suppose -4*v = 2*c - 0*v - 1384, -3475 = -5*c + 5*v. List the prime factors of c.
2, 347
Suppose -4*s + s = -4*q + 1, 8 = 4*s + 4*q. What are the prime factors of (2 - 3) + 80 + s?
2, 5
Let q(d) = 2*d + 11. Let w(b) = 5*b + 32. Let m(c) = -8*q(c) + 3*w(c). Let t be m(9). What are the prime factors of t/((-18)/(-10) - 2)?
5
Suppose 5*k + 1644 = y + 571, -5*y = 3*k - 5281. What are the prime factors of y?
2, 23
What are the prime factors of 2*(90/(-12))/5 - -542?
7, 11
Suppose 0 = -18*m + 16*m + 566. What are the prime factors of m?
283
Let x(d) = 2*d. Let s be x(10). Suppose s*r - 22*r + 154 = 0. List the prime factors of r.
7, 11
Let w = 1500 - 855. Suppose -5*c = -w - 25. List the prime factors of c.
2, 67
Suppose -5*i = -3*z - 97, 0*i - 19 = -i + z. Suppose h = 2*m + 5*h + 14, 3*m = -5*h - i. What are the prime factors of (-7)/(m/(-2) - 3)?
2, 7
Let p = -276 + 5047. What are the prime factors of p?
13, 367
Suppose 3*c + 0*c + 3 = 3*m, -4*m - 3*c + 25 = 0. Suppose -m = -w - 0*w. Suppose w*r = -0*r - z + 82, 3*z = -4*r + 86. List the prime factors of r.
2, 5
What are the prime factors of 0 + 11 + (-5 - 2) + 2821?
5, 113
Let w(q) = -q - 4. Let g be w(-9). Suppose -22 - 113 = -g*t. What are the prime factors of t?
3
Let c = 2689 - 1608. List the prime factors of c.
23, 47
Suppose 11*y + 345 = 16*y. Let d = 97 - y. What are the prime factors of d?
2, 7
Suppose -5*h = 5*l - 23910, 5*h - 3238 = l - 8008. What are the prime factors of l?
2, 5, 239
Suppose 3*c = 2*c + 3. Let m(x) = 3 + x**2 + 0*x**c - 4*x + 6*x - 4*x**3. List the prime factors of m(-2).
5, 7
Let r = 54 + -48. Let u(x) = 16*x - 2. Let l be u(2). List the prime factors of (-1 - -5)/(r/l).
2, 5
Let m(y) = y + 16. Let s be m(-4). List the prime factors of 6/s + (-9)/(-2).
5
Suppose -67 = -0*y + 2*y - s, -88 = 3*y + s. Let d = y + 85. Let x = d + -22. List the prime factors of x.
2
List the prime factors of 1575/(-6)*(-96)/120.
2, 3, 5, 7
Let p = 96 - -37. Let j be 1/4 + p/28. Suppose 237 - 73 = 4*l - 4*u, -4*u + 205 = j*l. What are the prime factors of l?
41
Let y be 35/(-20)*(5 - 1). What are the prime factors of 42/6*(-58)/y?
2, 29
Suppose 0 = -17*b + 10162 + 6277. List the prime factors of b.
967
Suppose 2*u = 4*c + 56, -3*u - c - 44 = -5*u. Suppose u*d = 1657 + 2143. What are the prime factors of d?
2, 5, 19
Let x(m) = -m - 5. Let s be x(-7). Suppose -2*p + 40 = s*p. What are the prime factors of 10/p - (-31 - -1)?
31
Let d = 9806 - 6553. What are the prime factors of d?
3253
Suppose -4*l = 0, 3*l - 4*l + 2998 = p. What are the prime factors of p?
2, 1499
Suppose 5*q + d = 90 - 2, -q - 5*d = -8. Suppose 4*m - 74 = -a - q, -5*m + 112 = 2*a. List the prime factors of a.
2, 7
Suppose -b - 5*m + 5 = 0, 8 = -5*b - m + 81. Let y(c) = -c**2 + 18*c + 4. What are the prime factors of y(b)?
7
Let g be -3 + 6 - (0 - 2). Suppose 0 = -3*k - 3*r - 18, -2*k + 5*k - g*r = -2. What are the prime factors of 53 - (k - (-8 - -4))?
53
Suppose 25 = -5*o + 6*o. Suppose o = 5*d, -2*g - d + 80 = 3*g. Suppose 4*z = -5 - g, 2*m + 6 = -2*z. What are the prime factors of m?
2
Let m = -1 - -21. Suppose -3*b = -5*b + m. Suppose 5*f + 31 = 2*j - j, -j = 2*f - b. List the prime factors of j.
2
Suppose 3*r - 2*t - 60 = 1474, 2*r = 2*t + 1020. Suppose -2*k + 2*z = 3*z - 526, 4*z - r = -2*k. List the prime factors of k.
5, 53
Let b be -2 + 2 + 0 + 2. Let x be b/6*(-15)/(-1). Suppose -x*c + 170 = k, 3*c - 5*k - 91 - 39 = 0. List the prime factors of c.
5, 7
Let z(w) = w**2 - 2*w - 4. Let h = -28 + 18. Let p be z(h). Suppose p = 6*m - 2*m. What are the prime factors of m?
29
List the prime factors of (2 + 2)*(-25 + 930).
2, 5, 181
Let o(q) = 28*q**3 + 8*q**2 - 37*q + 9. List the prime factors of o(5).
2, 881
Suppose 76 = -6*w + 10*w. Suppose 0 = 5*i - 431 - w. Suppose 0 = -2*g + 4*g - i. What are the prime factors of g?
3, 5
Let o = 22 + -15. Let v = -9 + o. What are the prime factors of (v/6)/((-5)/570)?
2, 19
Suppose -v - 7 = -2*v. Suppose -2*z = -v*z. Suppose 44 = -z*u + 2*u. List the prime factors of u.
2, 11
What are the prime factors of (-2 - -6)/(16/2192)?
2, 137
Let x(p) = 4*p**3 - 2*p**2 - 14*p + 12. Let o be x(5). Let b = o + -264. List the prime factors of b.
2
Let y(h) = -h**3 - 10*h + 2*h**2 + 8*h**2 + 7 + 5. Let a be y(9). Suppose -2*u + 47 + 50 = -f, 146 = a*u - 2*f. List the prime factors of u.
2, 3
What are the prime factors of 21*(2 + 72) + 39 + -35?
2, 19, 41
Let w be 226/(-8) - ((-11)/(-4) - 2). Let q = w + 54. What are the prime factors of q?
5
Suppose -9*j = -11314 - 4679. What are the prime factors of j?
1777
Let r(b) = -b**3 + 5*b**2 + 2. Let t be r(4). Let w = 39 + t. Suppose -c + w = u + 2*c, 0 = -3*u - 2*c + 192. List the prime factors of u.
2, 3, 11
Let g be -2 - 0/(-1) - -3. List the prime factors of 1/g*(69 + -16).
53
Let r(l) = 9*l - 60. What are the prime factors of r(24)?
2, 3, 13
Let u be 204/119*7/2. Let a = 13 + u. What are the prime factors of a?
19
Suppose 882 = 2*l - 3*u, -4*u + 5*u = 2*l - 878. Suppose -7*q + q = -l. What are the prime factors of q?
73
Let u(m) = m**3 - 6*m**2 - m + 14. Let z be u(6). Suppose 0 = -c - n + 62, -5*n + z = 3. What are the prime factors of c?
61
Let o be 1/(-1) + 12 + -8. Suppose -67 = -o*u + 2*u. What are the prime factors of u?
67
Let m = 0 + 10. Let r(h) = -h + 27. What are the prime factors of r(m)?
17
Let a(s) = -s**3 - s**2 + 4*s + 33. Let p be a(0). Suppose 5*i = 4*g + 9, -2*g + p = 2*i + 3*i. What are the prime factors of g?
2
Suppose -1949 = -8*v + 1531. List the prime factors of v.
3, 5, 29
Suppose 67*u = 85307 + 38844. List the prime factors of u.
17, 109
Let a(h) = 14*h**2 + 1. Let z be a(1). Let u(b) = b**3 - 16*b**2 + 14*b + 33. What are the prime factors of u(z)?
2, 3
Suppose 2*k = g + 28, -k + 30 = 2*g - 3*g. Let o be (-9)/((-23)/20 - -1). Let f = o + g. List the prime factors of f.
2, 7
Suppose -2*v + 1228 = 4*h + 2*v, -v = -4*h + 1208. What are the prime factors of h?
3, 101
Let t = 9 - 6. Let a(w) = -w**2 + 3*w + 2. Let k be a(t). Suppose k = m - 5. What are the prime factors of m?
7
Suppose 0 = -3*h - 4*t - 1827 - 2241, -2*h + 5*t - 2712 = 0. List the prime factors of 2/8*(-1)/(3/h).
113
Suppose -163 = -13*c + 669. Let x be 1/4 - 1/4. Suppose x*f + 4*f - c = 0. What are the prime factors of f?
2
Suppose -4*v = 7*v - 7227. List the prime factors of v.
3, 73
Let c(j) = 28*j + 132. List the prime factors of c(6).
2, 3, 5
Suppose -16400 = -251*b + 246*b. List the prime factors of b.
2, 5, 41
Let r(m) be the first derivative of 4*m**2 + 2*m - 11. List the prime factors of r(4).
2, 17
Let f(y) = -y**3 + 8*y**2 + 2*y - 2. Let g be 0/(-2)*1/(-3). Let c be g - (-8)/(-1)*-1. What are the prime factors of f(c)?
2, 7
Let o(r) = -r**2 - 36*r + 7. Suppose 4*c - 21 + 117 = 0. What are the prime factors of o(c)?
5, 59
Let u(q) = -54*q + 28. Let w be u(-7). Suppose 2 = 2*b - 4, -2*l + w = -4*b. What are the prime factors of l?
11, 19
Let m(f) = 7*f**2 + 5 + 11*f - f**3 - 8 - 1. List the prime factors of m(8).
2, 5
Suppose 4*r = 3*c + 9 + 7, -r + 3 = -c. Let d(t) = 3*t + r - 5 - 14*t. List the prime factors of d(-3).
5, 7
Let r be (13 - 7) + -4 + 2. Suppose -144 = -r*a + a. Suppose a = 2*w - 2*c, -w + 26 = -c + 2*c. What are the prime factors of w?
5
Suppose 0 = -95*f + 77*f + 57888. List the prime factors of f.
2, 3, 67
Let t(u) = u**2 + 5*u + 2. Let m be t(-5). Let b be (5 - m)*52/6. Suppose 0*q - b = -4*h - 2*q, 3*h - 6 = 3*q. What are the prime factors of h?
5
Let y(t) = 3*t - 4. Let d be y(4). Let l = -4 - d. List the prime factors of 2/